 (-6 + 3).
11
What is the value of (-52 - -24) + 19 - (3 - 18)?
6
Evaluate -5 - ((-13 - -26) + (-10 - -6)).
-14
21 + (-65 + 60 - (-10 - -1) - 11)
14
What is the value of (0 - (14 - 0)) + -182 + 189?
-7
What is 2 + -12 + 10 + -11 + 3?
-8
Calculate -1 + -1 + 4 + -3.
-1
-8 - (-3 - (-6 - (10 - (5 + 2))))
-14
(13 - -15) + -9 + -12
7
Evaluate (17 + -15 - (3 + 4)) + -5 - 2.
-12
Calculate -2 + (-8 - (5 + (0 + -6 - -1))).
-10
Calculate 21 - (-5 - -23 - 6).
9
Evaluate -15 + (0 + -18 - -30).
-3
What is 10 + ((-6 - 5) + 14 - 6)?
7
What is (-73 - -51) + (-10 - -37)?
5
What is the value of (-7 + -2 - -13) + -21 + 11?
-6
Evaluate 25 - (-13 + -10 - -37).
11
Evaluate -5 - (-6 - -1 - 1 - (2 + 4)).
7
Calculate (-19 - (77 - 37)) + 19.
-40
Evaluate 19 + (-10 - (0 + -2)).
11
What is the value of -3 + 14 + 2 + -1?
12
Evaluate (156 - 127) + (0 - 20).
9
Evaluate (-9 - -1) + -3 + 9 + -13 + 6.
-9
Evaluate (-123 - (-10 - 104)) + 1 + -2 + 12.
2
What is the value of 31 - (-30 + 41 - -6)?
14
What is the value of 3 - -26 - -4 - 22?
11
Evaluate 47 + -47 + (-1 + 10 - (6 - 6)).
9
What is the value of -7 + -4 - (32 - 29 - (-2 - -6))?
-10
4 + -1 - (-10 + -48 - -80)
-19
(47 - (28 + 8)) + -10
1
Evaluate 4 - (1 + 14 + -4).
-7
2 - (0 + -6 + 15 + -6 + -7)
6
(-20 + 29 - (3 - -5)) + 8
9
Evaluate -8 + (-3 - -10) + -5 - -19.
13
Evaluate (17 - -5) + -6 + 1.
17
Calculate (-10 - 1 - (-26 - -19)) + 0 + -21.
-25
What is the value of 6 + (-7 - 2) + -8?
-11
Calculate (-2 - 2) + 1 + 9 + 9.
15
Evaluate 1 + -3 + 4 + (7 - 12 - -9).
6
Calculate -6 + 20 + 4 + -15 - -14.
17
1 - (-8 - -12) - (-9 + 5 + 6)
-5
Evaluate -16 - ((-17 - ((8 - 13) + -1)) + 2).
-7
What is -7 + (10 + -12 - -23) + -11?
3
Evaluate -7 - (5 - 8 - -7).
-11
Evaluate -570 + 601 - (62 + -2).
-29
1 + 15 + 0 + 2 - (-81 - -88)
11
What is the value of 2 + (-21 - (4 + -20))?
-3
Evaluate 10 + (-25 - -3) + (10 - 10) + -1.
-13
Calculate -23 + 21 + -8 - -19.
9
-16 - (4 + -10 + 14 + -16)
-8
Evaluate (-7 - (10 - 17)) + (-8 + 1 - 2).
-9
What is the value of -22 - (11 + 19 + -42)?
-10
11 + (-2 + 5 - (-113 + 120))
7
Evaluate 9 + 0 - (13 + -15 + 3 + 0).
8
Calculate (-36 - (42 - 74)) + (-1 - -4) + -1.
-2
Evaluate 21 - -3 - (15 + 37).
-28
-15 - 1 - (-4 + (11 - 14) - -7)
-16
(0 + 2 - -1) + (-41 - (-13 + 12))
-37
What is the value of 13 + (3 - -1 - -5) - 7?
15
What is (5 + (-29 - 3) - -5) + 13 + -8?
-17
0 + -14 + (260 - 254)
-8
Evaluate (-2 + 5 - 15) + (-22 - -1) + 1.
-32
Evaluate 5 + (-1 - (2 + -3) - 8) + 14.
11
Evaluate -2 + -3 + (-12 - (4 - 9)).
-12
What is the value of (5 - 11) + 2 + -5 - (3 + -32)?
20
Calculate (-2 - 1) + 0 + (-4 - -9).
2
What is -15 + -7 + 75 + -58?
-5
Evaluate 105 + -108 + -3 + (-2 - -6).
-2
(0 - -8) + (3 - 2 - -1)
10
What is the value of 14 - (6 - -1) - 17?
-10
What is the value of (198 + -186 - (-1 + 2)) + -8?
3
What is the value of 19 + (-7 - 22) + (28 - 0)?
18
Calculate 1 + 13 + -3 + (-43 - -56).
24
-16 - (7 + -5 + -20)
2
Evaluate (-1 + -5 - (-24 - 1)) + (0 - 10).
9
What is the value of 5 + 11 - (-10 + -3)?
29
What is -2 - (0 - -2 - 5)?
1
Calculate -13 + 11 + 4 + -14.
-12
(-1 + 0 - -1) + (724 - 718)
6
What is the value of 2 + (22 + -10 - 56) + 14?
-28
Evaluate (0 - (-8 - (7 + 3))) + 15.
33
-2 + -1 - 0 - (75 - (17 - -64))
3
Evaluate -9 - ((25 - 31) + 0 + (-1 - 0)).
-2
Evaluate 4 + 17 + -11 + -8.
2
What is 3 + 3 + -3 - (-16 + (-8 - -17))?
10
What is the value of -13 + 15 + 18 - (-1 + -1)?
22
(1 + -2 + 1 - (29 + -30)) + -9
-8
Calculate -4 + -26 + 254 + -209.
15
Calculate 9 + -4 - (-21 - -20 - (0 - 9)).
-3
Evaluate (-11 - 0) + 40 + -37 + 9.
1
What is the value of 18 - (44 - (44 + -52))?
-34
Calculate -1 - -1 - (24 + 10 + (5 - 12)).
-27
15 + -5 + (-8 - -10) + 2
14
(-9 + 6 - -5) + 10 + -13
-1
(-6 - (8 - 4)) + (11 + -7 - 0)
-6
Evaluate 20 - (-5 + 1 + (-1 - 1) + 9).
17
What is the value of 3 + -2 + 3 - (17 - -9 - 19)?
-3
What is the value of -1 + 9 + -34 + 93 + -44?
23
Evaluate (-3 - 2) + 16 + -6 + (4 - -3).
12
What is 0 + 14 + (-5 - (3 - -3))?
3
Calculate -7 + 0 - (23 + 6 + -28).
-8
What is the value of 19 - (40 + (3 - 22))?
-2
What is the value of 7 + (8 - 6 - (2 - 5))?
12
-3 - -1 - (7 - 4)
-5
Calculate (-1 + (0 - (9 + -4)) - -11) + 8.
13
What is (35 - (-28 + 30)) + -9?
24
Calculate -18 + 32 - (-7 - (6 - 10)).
17
Calculate 1 + (-40 - -36 - (-3 - -4 - -2)).
-6
Evaluate 3 + (6 + -4 - -1 - -7).
13
Evaluate -13 + 1 + -3 + (7 - 7) + -9.
-24
22 + ((2 - (3 + -1)) + -3 - 4)
15
Calculate -31 + (61 - 32) - (0 - -17).
-19
(9 - 5 - 12) + 14 + 0 + 2
8
(-7 - -9) + 33 + -26
9
Calculate 26 + -16 + -1 - 16.
-7
29 - (-44 - -94) - (1 + -1)
-21
Calculate -11 + 15 + 7 + 1 - (-1 + 1).
12
What is 5 + -7 + -5 + (-1 - -5 - -20)?
17
Evaluate 15 - (57 - (16 - -19)).
-7
What is -8 - (-15 - (-11 + 32))?
28
Calculate (25 + -37 - -20) + 1 + -10.
-1
Evaluate (-3 - (3 + 2)) + 1 + 8 + 13.
14
Evaluate -7 - (-4 + 4 + 1 + (4 - -1)).
-13
14 + (-21 - (-33 + 21))
5
What is the value of (-9 + 5 + 13 - 11) + -4 + 2?
-4
What is the value of 47 + 42 + -70 + -2 + (0 - 2)?
15
What is the value of 736 - 722 - (-1 - -1)?
14
Calculate (0 - -11) + (9 + (-8 - -2) - 3).
11
What is (21 - (9 - -3)) + 1 + -23?
-13
What is the value of 7 + (4 - (4 - -2) - (-3 - -2))?
6
What is 8 + -7 + (-8 + -2 + 4 - 3)?
-8
Evaluate -8 - (24 - 16) - -10.
-6
What is the value of (0 - -11 - (49 + (-14 - -7))) + -1?
-32
Evaluate -16 + 0 - (64 + -96) - 41.
-25
-23 + (-10 - -19) + (8 - 1)
-7
9 + 2 + (16 + -46 - -16)
-3
What is the value of 5 - (-24 + 10 + 6)?
13
Calculate 15 + (2 - 1) - (-69 - -71).
14
-16 - -9 - (-1 + 11 + 8 + -3)
-22
What is 7 + (-14 - (17 + -8))?
-16
What is 22 - (13 - 7) - 13?
3
23 + 2 + 11 + -21
15
What is -25 + (-9 - (1 - 11))?
-24
What is the value of (24 - (-37 + 19)) + -21?
21
-1 + 16 + -9 + 4 + -2
8
What is -9 - (-7 + -5 + 5 + -4 + 2)?
0
What is -3 + 3 + -6 + 12 + (3 - 2)?
7
What is 2 - ((21 - 14) + 6)?
-11
Evaluate -7 - (-4 + -2) - 7 - -6 - -12.
10
What is -6 + (7 - -1) + (9 - 15) - 4?
-8
Evaluate 22 - (5 - (-8 + 3)) - -4.
16
What is the value of -804 + 795 - (1 - (0 - -38))?
28
What is (-11 + -1 - -10) + 14 - (33 + 4)?
-25
Evaluate 9 + -2 + (8 - (-1 - -8) - -7).
15
What is the value of 0 + 2 + (-2 - 0 - 2) + 14?
12
What is the value of (4 - 2) + 6 + (13 - 15)?
6
Evaluate -6 - (23 - 8 - 8).
-13
Evaluate 6 - (6 + 7) - 3.
-10
Evaluate (-4 - 4) + -3 - (-16 + 4 + 1).
0
Evaluate 40 + -53 - (2 - 13).
-2
Evaluate -24 + (11 + 0 + -3 - (-40 - -46)).
-22
What is 20 - (30 - 2) - (1 - 0)?
-9
What is 1 + -20 + 11 - -30?
22
Evaluate -3 + ((-21 - -15) + (0 - -2) - -6).
-1
What is the value of -28 - (-10 - (2 + -12 + 2))?
-26
(-20 + 76 - 23) + -61
-28
-51 + 54 + -3 + (-2 - (2 - 1))
-3
What is the value of 2 - 1 - (-123 - -119)?
5
5 - ((-14 - (-3 + 9)) + 8)
17
What is (24 + -7 - 5) + 12 + 2 + -1?
25
-11 + (1 + -19 - -39) + -18
-8
4 - (-18 + 42 - 18)
-2
5 - -4 - (46 - 38)
1
What is -1 + -6 - (-6 - (13 - 0))?
12
Calculate 48 - 52 - (5 + -3) - -23.
17
-12 + -3 + (10 - -4)
-1
What is -22 + 27 - (-2 + (39 - 3) + -1)?
-28
What is 302 + -257 - (19 + -1)?
27
What is the value of (27 - 12 - 3) + -4 - (-24 + 0)?
32
Calculate -1 + -1 + -1 + 13 + (-79 - -86).
17
What is the value of -5 - (-4 + 5 - (-7 - (-8 + 2)))?
-7
What is 17 - (-8 + -13 + 16) - (0 + -4)?
26
Evaluate -11 - (9 - (0 + 6)).
-14
Evaluate 187 + -184 - (0 - -16).
-13
Calculate 11 - (48 + -65) - 19.
9
What is the value of -1 + 4 - (-3 - -4)?
2
Evaluate 27 + (-46 + 2 - -22).
5
Evaluate 6 - (12 + (-10 - -16)).
-12
What is the value of -4 + -2 + -10 - (-4 + 0)?
-12
What is the value of 3 + 1 + -10 + (-249 - -246)?
-9
Evaluate -22 - (1 + -16 + (-9 - -15)).
-13
Calculate -14 + (20 - (-8 + 5)) - -10.
19
4 - -13 - (-18 - -45)
-10
Calculate 1 + -16 + 27 - 16.
-4
-15 - (-4 + (-6 - 11))
6
What is the value of (7 - -1) + -253 + 267?
22
Calculate -13 + -4 + -1 + -6 + -2.
-26
Calculate -2 - ((12 - 2) + (11 - 16)).
-7
Evaluate 22 + 2 - (-317 + 333).
8
9 - 16 - (19 - 41)
15
What is (574 - 555) + 1 + 16?
36
Calculate (-22 - -56) + 1 - 7.
28
What is -29 - (-76 + 26 - -25)?
-4
Calculate 34 + (8 + -84 - -38).
-4
What is the value of -2 - 0 - (0 - (-15 - -12))?
-5
Evaluate 16 - -1 - (-459 + 468).
8
Calculate (1 - -2) + -1 + 13 + (-45 - -27).
-3
Evaluate -28 + 23 + 18 + -2.
11
What is the value of -65 + 89 - 16 - (-1 + -7)?
16
What is -4 - -21 - (-2 + 0 - -1)?
18
(